. Calculate t(p).
48
Let n(i) = 2*i**2 - 3*i - 28. Let u be n(8). Suppose -u*s = -94*s - 18. Let k(x) = 5*x + 3. What is k(s)?
-2
Let j = 644 - 639. Let z(l) = 2*l - 26. Let a be z(13). Let k(n) = a*n + 5*n**2 - 2*n + 0*n - n**3 + 8. Calculate k(j).
-2
Let a be 2/(-4)*-1*0. Let r(m) = -m**2 - 2. Let d(p) = 6*p - 10. Let n be d(3). Let g(w) = 3*w**2 + 7. Let s(c) = n*r(c) + 3*g(c). What is s(a)?
5
Suppose 0 = 3*w + 4*u - 40, 33 = -13*w + 16*w - 3*u. Let z(m) = -126*m + 253*m - 126*m + w. Calculate z(-13).
-1
Let s(u) be the first derivative of 39*u**2 + 1084*u - 5640. What is s(-14)?
-8
Suppose -3*x - 12 = -3*q, 0 = -q + 7*x - 11*x - 16. Let c(d) = d**3 - d**2 + d - 51. Calculate c(q).
-51
Let f(h) = h + 4. Let j be 320/56 + 8/28 - 6. Let s = 39 - 14. Suppose -3*w + 8*w - s = j. Calculate f(w).
9
Let l be (4/(-84) + (-6)/21)*-3. Let q(o) be the second derivative of -o**3/6 + o**2 + 76*o. What is q(l)?
1
Let d be (48/56)/(2/7). Let p(b) = 2*b**3 - 6*b**2 + 2*b - 1. Calculate p(d).
5
Let p be ((180/25)/(-3) + 2)*-5. Let v(d) = 47*d - 16 + p*d**3 - d**3 - 19*d - 27*d. What is v(0)?
-16
Let x(h) = -19*h - 81. Let m(v) = 43*v + 164. Let f(k) = 3*m(k) + 7*x(k). What is f(-20)?
5
Let j be 2*1*(5 + -4). Let d(a) = -7*a + 3 - 5*a + 13*a - 4 + 3. Determine d(j).
4
Let u(d) = -8*d - 145. Let y = 186 - 203. Let v be u(y). Let s(b) = 2*b + 10. What is s(v)?
-8
Let l = 90549 + -90563. Let i(w) = -3*w - 14. Let p(b) = 4*b + 15. Let n(v) = 6*i(v) + 4*p(v). What is n(l)?
4
Suppose 2*d = 3*d - 2*l - 3, 0 = -3*l - 3. Let n(g) = -10*g - 15625 - 15632 + 31257. Give n(d).
-10
Let i(w) = 6*w + 492. Let p(d) = -7*d - 611. Let h(g) = 5*i(g) + 4*p(g). Determine h(-9).
-2
Let x(q) = -30*q**2 - q. Let h be ((-80)/(-400))/((-3)/20) + 7/3. What is x(h)?
-31
Let y(o) be the second derivative of o**5/20 + 5*o**4/6 + o**3/3 + 25*o**2/2 + 3*o + 121. Calculate y(-10).
5
Suppose 3*o + 4 = 5*v, 3 = v + 5*o - 9. Let k be 39/5 + -2 + v/10. Suppose s + l + 12 = 0, -4*s + 4*l = -2*s - k. Let x(g) = g**3 + 6*g**2 - 6*g + 3. Give x(s).
-4
Let d(l) = l**2 + 4*l - 26. Let i be d(4). Let j(x) = 122 - 3*x - 113 + x + 0*x. Calculate j(i).
-3
Let v(f) = f**2 + 9*f + 3. Let s = -45 - -30. Let k = -24 - s. Let h be k + (1 + -2)*(1 + -1). Give v(h).
3
Let i be (8/(-6) - -1)/((-26)/(-156)). Let q(h) = 21 + 2*h**2 + 2*h**2 - 5*h**2 - 2*h - 20. Calculate q(i).
1
Let y be (-90 + -8)/((-2)/1). Suppose 69 = 4*a + y. Let i(x) = -x**3 + 2*x**2 - 3 - 4 - 8*x + 4*x + 4*x**2. Calculate i(a).
-2
Suppose -26 = -26*m + 24*m. Let o(b) = m + 9 - 5*b - 25 + 6. Calculate o(4).
-17
Let l(j) be the first derivative of 16/3*j**3 + 30 - 1/2*j**2 - 12*j + 1/4*j**4. Calculate l(-16).
4
Let k(b) = -25*b + 34. Let w(u) = -9*u + 11. Let r(x) = 4*k(x) - 11*w(x). Let t(c) = -c - 4. Let q(y) = -r(y) - 2*t(y). Suppose -3*m + 28 = m. Give q(m).
14
Suppose 0 = -3*p - 2*y + 60 - 0, -3*y + 63 = 3*p. Let c(k) = -k**3 + 18*k**2 + k - 12. Calculate c(p).
6
Let c(w) = 9*w - 21. Let j be c(6). Suppose -3*q = 5*b + 2*q - 15, 0 = 4*b - 5*q + j. Let i be (10 - 9)*(-2)/b. Let d(o) = 14*o**3 - o + 1. Give d(i).
14
Let t(h) be the third derivative of h**6/120 - h**5/20 + h**4/8 - h**3/6 + h**2. Let s(o) = 183*o - 13906. Let w be s(76). Calculate t(w).
1
Let m(a) = -a**2 + 5*a - 6. Suppose -9*i - 82 = 26. Let f(c) = 3*c + 38. Let p be f(i). Suppose 3*z + 2*n + 10 = -3*n, p*z + 3*n = -5. Calculate m(z).
-6
Let i be -7 + 16/(-20) + 174/30. Let n be i/3 + 68/12. Let s(p) = p**3 - 6*p**2 + 6*p. What is s(n)?
5
Suppose m - 4 = -2*j - 0, 0 = 4*j - m - 8. Let p(a) = 3*a**2 + 14*a - 30. What is p(j)?
10
Let x(p) = -29*p**2 - p + 1. Let h(z) = -6*z**2 - 506*z - 169. Let n be h(-84). Calculate x(n).
-27
Let w(p) = -p**2 - p - 17. Let u = -4117 - -4125. Calculate w(u).
-89
Let p(o) = o**2 + 36. Suppose 3*i + 3 = -3*m, -3 = 4*i - i. Let k be p(m). Let s = k - 41. Let g(y) = -y + 1. What is g(s)?
6
Let o(y) = y**3 - 2*y**2 - 62*y - 1. Suppose 0 = -4*t + 5*f + 71, -57*t + 58*t + 5*f + 26 = 0. Determine o(t).
8
Let i(d) = d**3 - 16*d**2 + 2*d - 36. Let f = 2430 - 2414. Calculate i(f).
-4
Suppose -y = 5*j + 36, -435*j - 4*y = -431*j + 32. Let o(b) = -3*b**2 - 22*b - 19. What is o(j)?
-12
Let p(o) = -3*o**3 + o**2 - 4*o - 1. Let w(r) = 41*r**3 - 27*r**2 + 53*r - 9. Let s(q) = -14*p(q) - w(q). Determine s(-13).
-16
Let b(d) = d**3 - 7*d**2 + 4*d + 5. Let c be ((-6)/(-63)*14)/((-16)/(-60)). Suppose 4*p - 30 = -g - 11, c*p - 35 = g. Calculate b(p).
-7
Let z be (6 - (11 + 2)) + 4. Let d be (-1)/z + (-7)/((-84)/(-16)). Let u(k) = -2*k**2. Calculate u(d).
-2
Let y(k) = 4*k**2 + 59893*k + k**3 - 10*k**2 - 59897*k - 4 - 6 + 4 - 2*k**3. Suppose j - 4 = -j. Let f be (-1)/((-3)/(-30)*j). Give y(f).
-11
Suppose -43*x = 7*x + 700. Let o(a) = -a**2 - 11*a + 12. Give o(x).
-30
Suppose -1216 = 14*k + 2*k. Let s = -71 - k. Let o(r) = s*r + 4*r**2 - 5*r**2 + 7 + r. Calculate o(6).
7
Let j(l) = -l**2 + 3*l + 6. Let q = -346 + 356. Suppose -15*d - q = -10*d. Determine j(d).
-4
Let w(u) be the second derivative of -u**4/3 - 11*u**3/6 - 7*u**2/2 + 74*u + 20. Calculate w(-2).
-1
Let a(l) be the third derivative of -3*l**2 + 1/60*l**5 + 2/3*l**3 + 1/24*l**4 + 0 + 0*l. Give a(0).
4
Let q(t) = 6*t - 4. Let w(h) be the first derivative of -7*h**2/2 + 3*h - 1. Let n(y) = 5*q(y) + 4*w(y). Let f be (11 - (-15)/(30/(-26))) + 8. Give n(f).
4
Let g be 4/((-1331)/(-99) - 13). Let i(o) = o**3 - 10*o**2 + 10*o - 4. Determine i(g).
5
Suppose -6*k - 1374 = -3*k. Let p = k + 455. Let w(u) = -4 + 0*u**3 + 0*u + u - u**2 - u**3. Determine w(p).
11
Let s(i) = i**2 + 34*i + 67. Suppose 4979 - 659 = -135*w. Calculate s(w).
3
Let c(n) be the second derivative of 16*n**3/3 - n**2/2 + 7*n - 2. Suppose -5*x + 15 = 0, -q - 3*x + 6 = -4. Calculate c(q).
31
Suppose 21*i + y = 23*i - 18, -3*i + 2*y + 24 = 0. Let l(n) = -2*n**2 + 18*n - 17. Give l(i).
-89
Let u(a) = -a**3 + 12*a**2 - 14*a + 3. Suppose 394 + 1217 = 114*w + 357. Calculate u(w).
-30
Let y(x) be the second derivative of x**7/2520 - 7*x**6/720 + x**5/20 + 11*x**4 - 148*x. Let b(z) be the third derivative of y(z). Determine b(5).
-4
Suppose -9*x - 20*h + 340 = -15*h, -h = -3*x + 124. Let z(n) = -n**2 + 41*n - 53. Calculate z(x).
-13
Let u = -18377 + 18388. Let x(k) = k**3 - 11*k**2 + 5*k - 16. Calculate x(u).
39
Let j(w) = w**3 - w**2 - 33*w + 14. Suppose -334*n - 2*i - 4 = -335*n, -i = -n + 5. Give j(n).
-4
Let f be (-18)/42*(-4)/(-24) - 4/(-7). Let j(l) be the second derivative of 0*l**4 + 0*l**3 + 9/20*l**5 + 0 - f*l**2 - l. Determine j(1).
8
Let n(j) = j**3 + j**2 + j - 49. Suppose -5*v - 4*p - 319 = -339, 2*v = -p + 5. Determine n(v).
-49
Let x = 18455 + -18461. Let i(d) = d**3 + 8*d**2 + 13*d + 6. Determine i(x).
0
Let y(q) = q**3 + 3*q**2 + 3*q + 1. Suppose -5*m - 31 = 2240*c - 2242*c, -2*m + 4*c - 38 = 0. Determine y(m).
-8
Let b be (-16)/(-18)*11 + (-8)/(-36). Let v = -4 - -25. Suppose -v = 13*y - b*y. Let h(r) = r**3 + 6*r**2 - 7*r - 1. Determine h(y).
-1
Let w(f) = 180*f + 187*f - 365*f. Let x(s) = -s**3 - 30*s**2 - 3*s - 86. Let r be x(-30). Determine w(r).
8
Let c be 2/(-1) + (52/(-91))/((-2)/35). Let f(m) = -3*m - 3. Calculate f(c).
-27
Suppose 33*a + 108 = 6*a. Let y be (-10)/(-5 + (-24)/a). Let f(q) = -q - 15. What is f(y)?
-5
Let q(d) = -366*d - 376*d - 363*d + 9 + 1103*d. Give q(4).
1
Let y = 52 - 36. Let u = -14 + y. Suppose -5*z + 7 = 6*m - 3*m, 3*z + 11 = u*m. Let f(b) = -b - 2. What is f(m)?
-6
Let g(p) = 2 - 5 + 4*p**2 - 1 - p - p**3. Let v = -109 + 130. Suppose 3*k = -n + 3*n - v, 0 = 5*n + 2*k - 5. Determine g(n).
2
Let k = -353 - -370. Let d(h) = h**2 - 50*h + 30*h + 17*h + 20 - 4 + k*h. Determine d(-13).
3
Suppose m = 1, -i = m - 9 - 0. Let h be (i + -2)*(7/3 + -3). Let y(d) be the first derivative of -d**3/3 - 3*d**2/2 + 4*d - 2. Calculate y(h).
0
Let g(l) = -12*l**2 + 114*l**3 - 4*l**2 - 32 - 234*l**3 + 119*l**3 + 15*l. What is g(-17)?
2
Let i(w) = 5*w - 3. Let z(v) = -4*v - 3. Let y(l) = -2*i(l) - 3*z(l). What is y(13)?
41
Let y(c) = -3*c**2 + 11*c - 12. Let v be ((-20)/(-8) - 4)/(7/((-140)/5)). Give y(v).
-54
Let l(u) = u**3 - 8*u**2 - 9. Let k(f) = -f**2 - 19*f - 14. Let a be k(-18). Suppose 735 = t + a*t. Suppose -19 + t = 16*n. Calculate l(n).
-9
Suppose 318*r + 9 = 321*r. Let q = r - 3. Let s(u) = u**2 - u + 7